f 4335490114?
2, 239, 9070063
List the prime factors of 61546452.
2, 3, 11, 466261
List the prime factors of 503850979.
3313, 152083
List the prime factors of 187132378.
2, 149, 627961
List the prime factors of 89952990.
2, 3, 5, 43, 103, 677
List the prime factors of 134075881.
134075881
List the prime factors of 82062358.
2, 7, 277, 3023
What are the prime factors of 64270929?
3, 1021, 20983
List the prime factors of 1046829191.
1046829191
What are the prime factors of 131115100?
2, 5, 83, 15797
List the prime factors of 80950485.
3, 5, 7, 11, 109, 643
What are the prime factors of 756048007?
11, 13, 59, 89611
List the prime factors of 86490727.
86490727
What are the prime factors of 332418522?
2, 3, 55403087
List the prime factors of 35927764.
2, 8981941
What are the prime factors of 22122597?
3, 7, 43, 24499
What are the prime factors of 41481595?
5, 431, 19249
List the prime factors of 265982687.
265982687
List the prime factors of 241337077.
31, 7785067
List the prime factors of 2956897040.
2, 5, 17, 19, 41, 2791
List the prime factors of 61920426.
2, 3, 17, 607063
List the prime factors of 104481278.
2, 11, 313, 15173
What are the prime factors of 83859140?
2, 5, 61, 68737
List the prime factors of 1244936848.
2, 19, 4095187
What are the prime factors of 4378681530?
2, 3, 5, 16217339
List the prime factors of 778269093.
3, 7, 41, 903913
List the prime factors of 425742706.
2, 1021, 208493
What are the prime factors of 215419108?
2, 53854777
List the prime factors of 8290515296.
2, 7, 113, 127, 2579
What are the prime factors of 16741288?
2, 2092661
What are the prime factors of 9380721?
3, 7, 37, 12073
List the prime factors of 111705210.
2, 3, 5, 79, 5237
What are the prime factors of 333381864?
2, 3, 229, 60659
List the prime factors of 218406260.
2, 5, 107, 102059
List the prime factors of 207327365.
5, 7, 41, 144479
List the prime factors of 29712893.
7, 433, 9803
What are the prime factors of 289866912?
2, 3, 233, 12959
List the prime factors of 245396660.
2, 5, 23, 337, 1583
What are the prime factors of 3527801896?
2, 19, 907, 25589
What are the prime factors of 470480760?
2, 3, 5, 1306891
List the prime factors of 880458045.
3, 5, 313, 187531
List the prime factors of 306137431.
31, 2467, 4003
List the prime factors of 19079770.
2, 5, 1123, 1699
List the prime factors of 2678299827.
3, 7, 53, 2406379
What are the prime factors of 816620100?
2, 3, 5, 2722067
List the prime factors of 61444342.
2, 30722171
What are the prime factors of 73267137?
3, 29, 280717
List the prime factors of 29808966.
2, 3, 11, 23, 73, 269
What are the prime factors of 835084243?
7, 4993, 23893
List the prime factors of 1278483412.
2, 16217, 19709
What are the prime factors of 429690715?
5, 23, 263, 14207
What are the prime factors of 46709178?
2, 3, 7784863
List the prime factors of 1898217078.
2, 3, 19, 691, 24097
What are the prime factors of 4147456076?
2, 79, 1063, 12347
What are the prime factors of 65202561?
3, 53, 136693
List the prime factors of 438572891.
438572891
List the prime factors of 2054619749.
7, 13, 22578239
What are the prime factors of 2006263434?
2, 3, 7, 47768177
List the prime factors of 49178794.
2, 7, 3512771
List the prime factors of 39624949.
7, 13, 435439
List the prime factors of 1129014734.
2, 564507367
List the prime factors of 1110420875.
5, 17, 29, 37, 487
What are the prime factors of 189130344?
2, 3, 13, 29, 20903
List the prime factors of 80289717.
3, 26763239
What are the prime factors of 343081078?
2, 29, 5915191
List the prime factors of 4480377475.
5, 7, 29, 43, 419
What are the prime factors of 181234087?
257, 705191
What are the prime factors of 159609912?
2, 3, 7, 11, 86369
What are the prime factors of 593484263?
17, 34910839
What are the prime factors of 171226449?
3, 2213, 8597
List the prime factors of 1306674099.
3, 19, 97, 8753
List the prime factors of 873681187.
17, 51393011
List the prime factors of 2007032834.
2, 3119, 321743
What are the prime factors of 899612877?
3, 299870959
List the prime factors of 268817573.
71, 1531, 2473
List the prime factors of 84928680.
2, 3, 5, 269, 877
List the prime factors of 335360514.
2, 3, 55893419
What are the prime factors of 5245295693?
11, 476845063
List the prime factors of 40346850.
2, 3, 5, 268979
What are the prime factors of 141788418?
2, 3, 23631403
List the prime factors of 172043792.
2, 71, 269, 563
List the prime factors of 35981458.
2, 17990729
What are the prime factors of 410770793?
449, 914857
List the prime factors of 956015547.
3, 157, 191, 10627
List the prime factors of 1112939059.
3557, 312887
What are the prime factors of 39951642?
2, 3, 19, 350453
List the prime factors of 4082823510.
2, 3, 5, 9029, 15073
What are the prime factors of 236763017?
47, 73, 151, 457
What are the prime factors of 2124619232?
2, 66394351
List the prime factors of 264397958.
2, 11, 19, 281, 2251
What are the prime factors of 28960084?
2, 47, 154043
List the prime factors of 826582765.
5, 43, 3844571
List the prime factors of 166386790.
2, 5, 367, 45337
What are the prime factors of 73333640?
2, 5, 1833341
List the prime factors of 2290625.
5, 733
What are the prime factors of 139216361?
41, 3395521
List the prime factors of 3625204163.
7, 73, 631, 11243
List the prime factors of 190154587.
7, 27164941
List the prime factors of 38441484.
2, 3, 19, 43, 1307
List the prime factors of 95058002.
2, 13, 283, 12919
What are the prime factors of 1436312431?
1436312431
What are the prime factors of 6923536?
2, 432721
List the prime factors of 64992018.
2, 3, 7, 13, 119033
List the prime factors of 68678759.
17, 23, 175649
What are the prime factors of 5026304495?
5, 1005260899
What are the prime factors of 9020316?
2, 3, 181, 4153
List the prime factors of 1068499511.
1068499511
List the prime factors of 44778307.
7, 19, 6871
List the prime factors of 33436646.
2, 47, 227, 1567
List the prime factors of 49678228.
2, 179, 69383
What are the prime factors of 195962219?
19, 157, 179, 367
What are the prime factors of 681798219?
3, 227266073
List the prime factors of 93770943.
3, 7, 419, 10657
What are the prime factors of 65565615?
3, 5, 4371041
List the prime factors of 293434430.
2, 5, 29343443
List the prime factors of 1553723796.
2, 3, 129476983
What are the prime factors of 7725459925?
5, 309018397
What are the prime factors of 22941977?
107, 149, 1439
List the prime factors of 902427051.
3, 157, 1915981
List the prime factors of 20455684.
2, 193, 26497
List the prime factors of 36810890.
2, 5, 193, 19073
List the prime factors of 404847142.
2, 7, 28917653
What are the prime factors of 1775757864?
2, 3, 73989911
List the prime factors of 250690501.
23, 10899587
What are the prime factors of 137701248?
2, 3, 358597
List the prime factors of 557578100.
2, 5, 199, 28019
What are the prime factors of 1161759866?
2, 103, 5639611
What are the prime factors of 102585714?
2, 3, 7, 11, 31721
List the prime factors of 254240070.
2, 3, 5, 7, 61, 89, 223
What are the prime factors of 121908282?
2, 3, 139, 146173
List the prime factors of 33202848.
2, 3, 7, 49409
What are the prime factors of 289519795?
5, 57903959
What are the prime factors of 91629907?
23, 3983909
What are the prime factors of 314397109?
13, 24184393
List the prime factors of 148321111.
2663, 55697
List the prime factors of 574220953.
10753, 53401
List the prime factors of 720480513.
3, 19, 12640009
What are the prime factors of 2032450991?
97, 181, 115763
List the prime factors of 10027020.
2, 3, 5, 167117
What are the prime factors of 14406269?
1291, 11159
What are the prime factors of 40772333?
7, 719, 8101
What are the prime factors of 695396910?
2, 3, 5, 13, 1783069
List the prime factors of 799187660.
2, 5, 39959383
List the prime factors of 18799151.
7, 19, 107, 1321
What are the prime factors of 38736313?
7, 11, 71867
What are the prime factors of 1940050647?
3, 71, 3036073
List the prime factors of 1234493.
13, 94961
List the prime factors of 773623159.
991, 780649
What are the prime factors of 577331944?
2, 7, 1759, 5861
List the prime factors of 2536630775.
5, 7, 17, 17401
What are the prime factors of 1336817830?
2, 5, 133681783
List the prime factors of 360974298.
2, 3, 60162383
List the prime fact